68
Let b(f) be the third derivative of 3*f**4/8 - 28*f**3/3 - 198*f**2. Let q(o) = 5*o**2 + o. Calculate the remainder when b(11) is divided by q(2).
21
Let b be (-110)/495 + (-454)/(-18). Suppose -21*u = -b*u + 52. Calculate the remainder when 39 is divided by u.
0
Suppose 34*a - 37410 = -3410. Calculate the remainder when a is divided by 84.
76
Calculate the remainder when 2 - ((-594)/8)/((-18)/(-96)) is divided by 25.
23
Suppose -2*v - 4*y - 32 = 0, y = 5*v + 4 + 32. Let s(c) = -c**3 - 8*c**2 - 2*c - 11. Calculate the remainder when 13 + (8 + -7)*-1 is divided by s(v).
2
Let r(l) = -l**3 + 6*l**2 + 8*l - 3. Let q be r(6). Let y = q + -20. Suppose 152 = u + 147. What is the remainder when y is divided by u?
0
Let t = 4749 - 4730. What is the remainder when 135 is divided by t?
2
Suppose -8 = -2*m, z - 3*m - 16 = 20. Suppose f = 3*f - z. Calculate the remainder when 85 is divided by f.
13
Suppose 166 = 3*p + 5*z, 3*p - 3*z = -2*p + 322. Suppose 5*l + l - 738 = 0. Calculate the remainder when l is divided by p.
61
Let j(q) = -q**2 + 4*q - 2. Let g(p) = -5*p. Let n(o) = -5*g(o) - 4*j(o). Suppose 0 = 3*u - u + 8. Calculate the remainder when n(u) is divided by 13.
10
Let s = 36 + 29. Let n = 142995 - 142801. Calculate the remainder when n is divided by s.
64
Let f be (-189)/(-42)*16580/45. Let m = -1611 + f. Suppose -s = -v - 27, -s = 3*s - 3*v - 106. Calculate the remainder when m is divided by s.
22
Suppose -5*o = 3*b - 3*o - 71, 0 = -4*b - 2*o + 94. Suppose -d = -b + 3. What is the remainder when 37 is divided by d + -4 + 6 + -3?
18
Let d = 393 + -350. Let l(v) = -6*v + 77. What is the remainder when l(-8) is divided by d?
39
Suppose 2*w = -f + 269, 4*f + 230*w = 232*w + 1036. What is the remainder when 2865 is divided by f?
255
Let s be -18*((-18)/4 - -4). Suppose 0 = -s*m + 67 + 32. What is the remainder when 32 is divided by m?
10
Suppose 161*b - 624 = 109*b. What is the remainder when 139 is divided by b?
7
Let t = 60 + -13. Suppose 13 = 5*w - 3*c, 5*c + 20 = w + 13. Suppose -w*i = 3*z - 61, -10 = -5*i + 3*i. Calculate the remainder when t is divided by z.
13
Suppose 2*r = 3*h - 18 + 2, -h + 4 = -r. Let d(i) be the first derivative of -i**2 + 43*i - 2. Calculate the remainder when 53 is divided by d(h).
26
Suppose -127210*u = -127233*u + 17526. What is the remainder when 2296 is divided by u?
10
Suppose -33*r + 68*r - 84 = 32*r. What is the remainder when 318 is divided by r?
10
Suppose -5*l + 80 - 915 = 0. Let d = -147 - l. What is the remainder when d is divided by 3?
2
Calculate the remainder when 14/12 - 2 - 91910/(-780) is divided by 28.
5
Let j(m) = m**3 + 29*m**2 - 29*m + 29. Let k be j(-30). What is the remainder when k/(-2)*2*296/4 is divided by 25?
24
Let x(f) = -2*f**3 + 3*f**2 + 39*f + 12. What is the remainder when 2138 is divided by x(5)?
26
Suppose -g - 435 = -16*g. Calculate the remainder when 185 is divided by (2 - 0) + g - (5 - 5).
30
Suppose -2*a = 6, -3*k + 3 = k - 5*a. Let w(m) = -1. Let s(z) = 2*z**2 - 14*z - 2. Let d(p) = k*w(p) - s(p). What is the remainder when 23 is divided by d(7)?
3
Let y(l) = -6 + 34*l - 14*l - 8*l - 5*l - 6*l. Calculate the remainder when y(9) is divided by 2.
1
Calculate the remainder when 871 is divided by -6 - 132/(-24) - 25*2/(-4).
7
Let f = -1398 + 1401. Let r be 6/2 + 0/1. Suppose f*z + r*z - 288 = 0. Calculate the remainder when z is divided by 26.
22
Let r(d) = -2*d**2 + 9*d + 4. Let x = 18 + -15. Suppose -392 = -5*a + x*c, 5*c - 6 = -1. What is the remainder when a is divided by r(4)?
7
Suppose -5*w + 1207 = 1197, -3*w + 139 = a. What is the remainder when 397 is divided by a?
131
Let n(c) = -c**2 - 4*c + 13. Calculate the remainder when 2511 is divided by n(-3).
15
Suppose -1299*c + 1296*c - q + 168 = 0, -4*q + 24 = 0. What is the remainder when c is divided by 13?
2
Let j be 12/21*(-14)/(-4). Suppose -g + 10 = -6*u + j*u, -11 = -2*g + 5*u. Calculate the remainder when 124 is divided by ((-6)/(-4) + g)*-64.
28
Suppose 873*c - 865*c = -28 + 420. What is the remainder when 1905 is divided by c?
43
Let d be (29 + -31)/((6/(-1407))/2). Suppose 45*b - d = 10627. Calculate the remainder when b is divided by 65.
62
Let q be 3/(-6)*6 + -152 + 2. Suppose 0 = 6*y - 8*y - 2. Calculate the remainder when 0 - (q - (2 - (y + 3))) is divided by 26.
23
Let j be ((-11)/(44/12))/(-1). Suppose 2*v + j*s = 827, -5*v = -7*v + 4*s + 848. What is the remainder when v is divided by 14?
12
Suppose 228*p - 5544 = 97*p - 265*p. Suppose 27 = -x + 68. Calculate the remainder when x is divided by p.
13
Let o = 11 - -1. Let y be 13/(-4) - 2/(-8) - -224. Let s = -153 + y. What is the remainder when s is divided by o?
8
Let c(t) = t**3 + 15*t**2 + 40*t - 16. Let i be c(-4). Suppose -3*y + 10 = 2*y. Suppose i = y*u - 3*u + 7. What is the remainder when u is divided by 2?
1
Let i be 54054/48 + (-2)/16. Suppose 0 = 4*n - 1186 + i. What is the remainder when 193 is divided by n?
13
Let c(w) = -3*w**3 + 143*w**2 + 56*w - 50. What is the remainder when 1008 is divided by c(48)?
6
Let o(b) = 13*b**2 + 13*b + 11. Let t be o(-2). Suppose -4*y + 33 = t, -2*c + 3*y + 107 = 0. What is the remainder when c is divided by (-43)/(-4) - (-1)/4?
8
Suppose 986 + 1694 = -8*p. Let v = -312 - p. Calculate the remainder when 110 is divided by v.
18
Let s(j) = -7*j**3 + 10*j**2 - 23*j - 292. Calculate the remainder when s(-10) is divided by 4.
2
Let b be (-6)/4*5/(20/(-24)). Suppose -b = -3*l, 8 - 71 = -4*v - 5*l. Suppose 92 = v*m - 8*m. Calculate the remainder when m is divided by 8.
7
Calculate the remainder when ((-3294)/126 - 11)/((-2)/42) is divided by 49.
45
Suppose 323 = 3*r - 1. Suppose 5*b - r = -b. What is the remainder when 189 is divided by b?
9
Let s be -2*4/24*-3. Suppose -4*o + 28 = 2*f, 4*o - s - 19 = 0. Let r(c) = c**3 - c**2 - 7*c + 6. Calculate the remainder when r(f) is divided by 9.
8
Let r(w) = -w**3 + 46. Suppose 0 = -i - 3*q + 98, 52*i - 344 = 48*i + 4*q. Calculate the remainder when i is divided by r(0).
43
Suppose -5*a = -4*t + 707, t + 4131 = 3*a + 4306. What is the remainder when t is divided by 1*18*(-1 - -2)?
16
Let l = 3378 - 3358. Calculate the remainder when 39 is divided by l.
19
Let a(t) = 2*t + 1 + 8 - 4 + 1 - 4*t**2 + t**3. Let l be a(3). Suppose -68 = -l*z + 145. What is the remainder when z is divided by 12?
11
Let l be (-160)/(-15) + 2/(-3). Let d(b) = -b**2 + 11*b + 7. Calculate the remainder when 3*(-5 - (-194)/6) is divided by d(l).
14
Suppose y + 3*g + 224 = 0, -2*g - 7 = -1. Let t = y + 261. Calculate the remainder when t is divided by 14.
4
Let n be ((-3 - -3)/2)/(0 + 2). Suppose -r + n*r = -k - 51, -3*k = 5*r - 239. Calculate the remainder when 94 is divided by r.
45
Let n be (-17 + (1 - 5))/(-1). Let y(d) = d**3 - 20*d**2 - 10*d + 6. Let v be y(n). Let o = v + -120. What is the remainder when o is divided by 24?
21
Let d = 297 + -290. What is the remainder when 231 is divided by (819/4)/d - 2/8?
28
Let x(z) = z**3 + z**2 + z + 4. Let s be x(0). Suppose 0 = s*b - 2*b - 64. Calculate the remainder when b is divided by (12 + -3 + (1 - 29))/(-1).
13
Let m(h) = 19*h**2 - 81*h - 255. Calculate the remainder when m(-4) is divided by 64.
53
Suppose 0 = -0*w - w - 4*f + 177, -359 = -2*w - 3*f. Suppose -4*m + w = 5*i, -i - 6 + 7 = 0. Let a = 8 - -17. What is the remainder when m is divided by a?
19
Suppose 51*z - 344 = 47*z. Let r(h) = 11*h + 347. What is the remainder when z is divided by r(-30)?
1
Let y(a) = 119*a - 2086. What is the remainder when 1171 is divided by y(18)?
51
Let u(q) = q + 21. Let r(g) = -3*g - 63. Let y(o) = 6*r(o) + 17*u(o). Let t be y(-7). Let z = t + 54. What is the remainder when 159 is divided by z?
39
Suppose 0 = 2*k - 5*p - 738, p = 25*k - 16*k - 3278. Calculate the remainder when 2912 is divided by k.
0
Suppose -16*b + 15*b + v = -22, 3*b - 86 = -2*v. Calculate the remainder when 285 is divided by b.
25
Let y(z) = 51*z - 290. Let n be y(7). Suppose 3*c - 2*c + 52 = 0. Let q = n + c. What is the remainder when 44 is divided by q?
14
Let n be (-4)/28*-7 + 2. Suppose 18 = n*w - 3*j - 6, 1 = j. Calculate the remainder when 134 is divided by w.
8
Let r(g) be the first derivative of -2*g**2 - 65*g - 88. Calculate the remainder when r(-32) is divided by 3.
0
Let f be 7893/3